5*j. Let y be u(-3). Calculate the highest common factor of m and y.
15
Let h(t) = -86*t**3 - 8*t**2 - 21*t - 50. Let i be h(-5). Calculate the highest common factor of 105 and i.
105
Suppose 64*f + f - 1560 = 0. What is the greatest common divisor of 30 and f?
6
Suppose -p - 1782 + 1751 = -5*i, i = 2*p + 8. Let a = 141 + -75. Calculate the highest common factor of i and a.
6
Suppose 0 = -7*r - 3*r + 330. Let x = r - 8. Suppose m = -c + 11, -c - 5*m = c - x. Calculate the highest common factor of c and 110.
10
Let l(w) = -4586*w - 68. Let c be l(-1). Calculate the highest common divisor of c and 18.
18
Let o = -2352 + 2422. Calculate the highest common divisor of 518 and o.
14
Let k(f) = f**2 + 7*f - 11. Let d be k(-8). Let q be 4/d*(-19 - -1). Let h = -11817 + 11833. What is the greatest common divisor of q and h?
8
Suppose 81 = 3*u - 18. Let w = 30428 + -30065. What is the greatest common divisor of w and u?
33
Let i(l) = l**3 - 55*l**2 - 99*l - 545. Let g be i(57). What is the greatest common factor of g and 15?
5
Let d = -22087 + 22103. Let m(i) = 3*i**2 - 5*i + 6. Let h be m(-6). Calculate the greatest common factor of d and h.
16
Let o(m) = 9 - 30 + 18*m**3 - 17*m**3 + 13*m - 17*m**2. Let x be o(16). Let r = 99 + x. What is the greatest common divisor of r and 10?
10
Let d(a) = 4*a**3 - 19*a**2 + 49*a - 52. Let u be d(7). Let x(i) = -i**2 - 11*i + 12. Let n be x(-11). What is the highest common factor of n and u?
12
Let a = -28000 - -43008. Calculate the highest common factor of a and 448.
224
Let k = 7884 + -7748. Calculate the greatest common factor of k and 459.
17
Let h(z) = 4*z**3 + 37*z**2 + 12*z + 7. Let u be h(-8). Calculate the greatest common divisor of u and 44.
11
Suppose d - 21 + 29 = 0. Let b be d/(-12) - 411/9. Let a be (-6)/(1 - b/(-42)). What is the greatest common factor of a and 56?
28
Suppose -1501 + 401 = -9*w - 16*w. Calculate the greatest common factor of 451 and w.
11
Let h(u) = -167*u - 3054. Let g be h(-19). What is the greatest common factor of 5746 and g?
17
Suppose -27*n - 55900 + 55954 = 0. Let k(z) = 4*z - 5 + 0*z**2 - 5*z**3 + 6*z**3 + 7*z**2. Let d be k(-6). Calculate the highest common divisor of n and d.
1
Let n(u) = -4*u**2 - 57*u - 132. Let m be n(-10). Calculate the highest common divisor of 38 and m.
38
Let j = 139 + 2. Let b = -81 + j. What is the greatest common divisor of 3 and b?
3
Let l be 84/(-182) + (-1986)/(-78). What is the greatest common factor of 1930 and l?
5
Let w = 2300 + -1193. Let v be 3662/131832 + (-1475)/(-36). Calculate the highest common divisor of w and v.
41
Let w be 39*(-2)/4*-2. Let r = w - 12. Suppose 2*h = -4 + 22. What is the highest common divisor of r and h?
9
Let v be (3 - -35) + (3 + -29)/(-13). Calculate the highest common factor of v and 1585.
5
Suppose -2*o + 8 = 5*p, -5*p + 2*o = -0*p + 8. Suppose p = -6*k + 686 + 124. What is the greatest common divisor of k and 81?
27
Let p(r) = 6*r**2 + 44*r - 340. Let c be p(-36). Calculate the greatest common factor of 56 and c.
28
Suppose -25*x + s = -20*x - 1834, 5*s = x - 338. Calculate the highest common factor of x and 874.
46
Suppose -159486 = -127*h + 113*h + 35688. Calculate the highest common divisor of h and 9.
9
Suppose -4*y - 768 = -3*n, 2*n - 454 = -y + 58. What is the greatest common divisor of n and 992?
32
Suppose 0*h + 4*h - 704 = -2*s, -178 = -h - s. Suppose -72 = -6*b + h. Suppose 2*l + 33 - b = 0. What is the greatest common factor of 2 and l?
2
Let u(p) = 12*p - 3*p - 20*p - 18*p + 4. Let n be u(-4). Suppose -5*i - 57 + 207 = 0. Calculate the greatest common factor of i and n.
30
Let l be ((-1462986)/(-10))/17 + 2/10. Calculate the greatest common divisor of 130 and l.
26
Suppose -13*g + 96 - 5 = 0. Suppose -167*j - g = -174*j. Calculate the highest common divisor of j and 32.
1
Let j = 1601 + -2284. Let i = j - -955. Calculate the greatest common divisor of 102 and i.
34
Suppose -7*n + l - 149 + 685 = 0, l = -2*n + 148. Let x = 7 + -3. What is the highest common divisor of n and x?
4
Let k = -20 + 75. Let a = -1061 - 58. Let p = -1108 - a. Calculate the highest common divisor of k and p.
11
Let o(d) = 15*d + 1347. Let x be o(-79). What is the highest common factor of 270 and x?
54
Let x be 1*-3 + -26 + 45. Let v be 26*x/12*(-15)/(-10). Calculate the greatest common divisor of 468 and v.
52
Let h = 50 - 45. Suppose 5*v - h*i + 2*i - 563 = 0, 5*v = i + 561. What is the greatest common factor of 14 and v?
14
Suppose -4433 = -37*i + 26*i. What is the greatest common divisor of 31 and i?
31
Let u(s) = -6*s**2 - 511*s + 149. Let z be u(-85). Calculate the greatest common factor of z and 5499.
117
Suppose 3*s + 8 = 4*i, -4 = 3*i + 4*s - 10. Suppose -40 = -4*d + i*d - t, -4*t = -16. Calculate the highest common divisor of d and 54.
18
Let u(d) be the second derivative of d**5/20 + d**4/6 + 5*d**2/2 + 4*d. Let l be u(0). Suppose -179 + 4 = -l*y. What is the highest common factor of 5 and y?
5
Suppose -17335 = -19*p + 5*p + 1481. What is the greatest common factor of p and 63?
21
Let x be (-1*102/(-8))/((-36)/(-192)). Let r = 70 - x. Suppose 3*z - 396 = -2*c, -r*z = 2*z - 8. Calculate the greatest common factor of 39 and c.
39
Let k(t) = 376*t - 5235. Let z be k(19). What is the greatest common divisor of z and 166?
83
Let q(j) = 2*j**2 + 4*j - 24. Let s be (2 - -10)*(-4)/6. Let u be q(s). What is the highest common factor of 48 and u?
24
Suppose 0 = -2*m - 2, -4*m + 10 = -3*n - 5*m. Let p = 2 + n. Let c be (3 - 26)/(p/6). Calculate the highest common divisor of 23 and c.
23
Let u be 248*26/(1196/161). What is the highest common factor of 322 and u?
14
Let v = -134 + 139. Suppose h = v*h - 288. Let x(t) = t**3 - 7*t**2 - 6*t - 8. Let z be x(8). What is the highest common factor of h and z?
8
Suppose 5*k - 1405 = t + 1350, t - 1645 = -3*k. Suppose 8*s + k = 1790. Calculate the highest common divisor of 124 and s.
31
Suppose 25*i - 6*i - 2945 = 0. Let m = -147 + i. Calculate the greatest common divisor of 44 and m.
4
Suppose -1391 - 156727 = -73*d. Calculate the greatest common factor of d and 342.
114
Let o be (-2799)/(-4) - 2/(-8). Let j = -450714 + 450742. Calculate the highest common factor of j and o.
28
Let r(c) be the second derivative of -c**5/20 - c**4/2 - c**3/2 - 4*c**2 - 14*c + 5. Let m be r(-7). What is the highest common divisor of m and 93?
31
Let x be 2/16 - 147/24. Let a be (10/x)/((-9)/54). Let w = 28 - 18. What is the highest common factor of w and a?
10
Let o = 4135 + -3911. Calculate the highest common divisor of 175 and o.
7
Suppose 8*h - 6225 = -14*h - 4993. Suppose f = -3*f - 8, 4*f + 29 = 3*v. Calculate the greatest common divisor of v and h.
7
Suppose 32*l - 20*l - 23902 = -25*l. What is the highest common divisor of l and 6137?
323
Suppose 0 = 8*p - 6*p - 138. Suppose -4*d + k + 5 = -p, 3*k + 96 = 5*d. Let a be (9/2)/(11/88). What is the highest common divisor of a and d?
18
Let s = -1613 + 1869. Let v = -7 + 23. Calculate the highest common factor of v and s.
16
Suppose -14 + 5 = -3*w. Let j be (-2)/w*(-4 + 5 + -7). What is the highest common divisor of 268 and j?
4
Suppose 1554 + 1358 = -8*t. Let j = t + 567. What is the highest common divisor of j and 14?
7
Let r be 3/(7 + (-288821)/41262). Calculate the greatest common factor of r and 621.
207
Suppose 18584 = 33*u + 68*u. Calculate the highest common factor of u and 32.
8
Suppose 1214*a - 1215*a = -5*o + 27647, -2*o = -3*a - 11064. What is the highest common divisor of 57 and o?
57
Suppose 0 = 15*r - 13*r + 82. Let g = 43 + r. Suppose -2*f + 124 = 3*q + g*f, -5 = -5*f. Calculate the highest common factor of 50 and q.
10
Let l(d) = d**2 + 3*d - 141. Let t be l(0). Let f be 2/4*t*(-12)/18. Calculate the highest common divisor of 752 and f.
47
Let y(d) = -d**2 + 14. Let c be y(0). Let h(r) = -11*r + 6. Let q be h(-4). Let p = 106 - q. What is the highest common factor of c and p?
14
Suppose -17 + 33 = 4*t. Suppose 82 + 18 = 2*o - 4*h, t*o - 207 = h. Let p = o + -15. What is the highest common factor of 148 and p?
37
Let r(n) = -50*n + 1803. Let y be r(6). What is the greatest common factor of y and 9?
9
Let q = -51 + 75. Suppose -k + 607 = 5*o, -3*k = 2*o + 342 - 603. What is the highest common factor of q and o?
24
Let f = -1265 - 